+ g*i + 9108 = 0. What are the prime factors of i?
2, 11, 23
Suppose 3*o - 3*h = -3, 2*o + 4*h - 19 = -h. List the prime factors of (o/6)/(14/168) + 70.
2, 37
Let b be 2/4 - 16994/116. Let c = b - -403. What are the prime factors of c?
257
Suppose 5*o = p + 119 + 91, -3*p - 591 = -2*o. Let z(b) = -51*b + 84. Let u be z(-5). Let s = p + u. What are the prime factors of s?
2, 3
Let j be 3 + 114/(-42) + 40/7. Suppose 0*i - j = 3*k + i, -2*i = 5*k + 9. List the prime factors of (k + (-188)/16)/((-3)/12).
59
Suppose -16*h - h = -68. Suppose -5*k + 3*x - 8 = -1061, -214 = -k + h*x. List the prime factors of k.
2, 3, 5, 7
Suppose 26*y - 23130 = 23*y - 5*f, 15401 = 2*y - 3*f. What are the prime factors of y?
5, 23, 67
Let l(h) = 263*h**2 - 471*h - 10. What are the prime factors of l(-5)?
2, 5, 223
Suppose 35 + 745 = 4*b. Suppose 34*a = 31*a + b. Let s = a + 27. What are the prime factors of s?
2, 23
Let k = 488 - 471. Let l(o) = -o**3 + 23*o**2 - 74*o - 17. List the prime factors of l(k).
3, 17
Suppose 62 = -j + 55. Let u be (-1974)/j*(0 + 1). Suppose 12*f = u + 3078. What are the prime factors of f?
2, 5, 7
Suppose 0 = d - 108 - 134. Suppose -4*b = 16, 3*l - l = 5*b + 296. Let a = d - l. What are the prime factors of a?
2, 13
Suppose -6*k + 2*k - 76 = 0. Let q be -22 - k - (-6)/1. Suppose -2*w + 2*g + 186 = 0, 2*g - 1 + q = 0. List the prime factors of w.
2, 23
Let t(r) = -r**2 - 8*r - 6. Let a be t(-7). Let q(c) = -18*c**2 + 6*c**2 + 13*c**2 - a. What are the prime factors of q(5)?
2, 3
Suppose -272460 = -32*q - 28*q. What are the prime factors of q?
19, 239
List the prime factors of (1 + 39/(-36))*2 - (-11407605)/198.
2, 28807
Let q = -48320 - -84537. List the prime factors of q.
36217
Suppose -7 = 2*r - 9, 5*r = -2*f + 671. Let n = f + 45. What are the prime factors of n?
2, 3, 7
Let a = -179 + -20. What are the prime factors of a/3*-3*1?
199
Suppose 82*g - 91 = 69*g. Suppose -5374 + 1629 = -g*r. List the prime factors of r.
5, 107
Let z(v) = 3023*v**2 + 162*v + 5. List the prime factors of z(2).
12421
What are the prime factors of ((-3673)/(-4))/(224/336 + 5/(-12))?
3673
Let x = 568 - 170. Suppose -x = -2*l - 2. List the prime factors of l.
2, 3, 11
Suppose 53*u + 59*u = 103*u + 178686. List the prime factors of u.
2, 3, 1103
Suppose -860*x = -568*x - 25913832. List the prime factors of x.
2, 3, 7, 2113
List the prime factors of 7095/(-473)*(-17218)/6.
5, 8609
Suppose -21*z = -30*z + 126. Suppose z*b = -6 + 6. Suppose 3*y + 42 - 159 = b. List the prime factors of y.
3, 13
Suppose 39 = 3*g - 75. Let y = 54 - g. Suppose 3*x - 2*w - 358 = 0, w + 3*w = y. What are the prime factors of x?
2, 61
Let y(f) = 54*f - 2. Let l(w) be the first derivative of w**2/2 + w - 8. Let z(g) = 4*l(g) + y(g). What are the prime factors of z(2)?
2, 59
Let p(o) = 633*o + 1020. List the prime factors of p(25).
3, 5, 1123
Let z(p) = 3*p**3 - 29*p**2 + 15*p - 14. Let w be z(14). Suppose 7116 = 10*k - w. List the prime factors of k.
2, 17, 29
Let t(c) = -c**3 - 4*c**2 + 11*c + 17. Let d be t(-6). Let f(b) = -b**2 + 44*b + 49. What are the prime factors of f(d)?
2, 7, 19
List the prime factors of 7024550/1177 + (1 - (-39)/(-33)).
2, 373
Suppose -143 + 38 = 5*p. Let h(b) be the third derivative of b**4/24 + 65*b**3/6 - 2*b**2 + 324. What are the prime factors of h(p)?
2, 11
Suppose 18712 = 2*x - 4*p, 2*x - 58*p - 18706 = -53*p. List the prime factors of x.
2, 1171
Suppose b - 36872 = -2*w, -220271 = -7*b + 2*w + 37897. What are the prime factors of b?
2, 5, 461
Suppose 3*s - 6*s + 105654 = 3*s. What are the prime factors of s?
17609
Let r = 59 - 57. List the prime factors of r*1/(-6) + (-649)/(-3).
2, 3
Let m(f) = 1363*f**3 - f**2 + 2*f - 1. Let u = -552 - -553. List the prime factors of m(u).
29, 47
Let v = 208 + -163. Suppose 2*r = 9*w - 4*w + 49, -v = -5*r - 3*w. What are the prime factors of r?
2, 3
Let t be 2 + (-12)/(-4) - 64. Let n = -58 - t. Suppose -2*b = -n - 7, -2*m + 2*b = -238. List the prime factors of m.
3, 41
Suppose 3*k - 3*c = 15696, -67*c + 20958 = 4*k - 66*c. List the prime factors of k.
2, 3, 97
Let v = -42896 - -103285. List the prime factors of v.
7, 8627
Let r be (-4)/(-5)*(-25)/10*2. Let i = r - -88. What are the prime factors of (3 - (-2 + 2)) + i?
3, 29
Let k(j) = j**3 - j**2 - 2*j + 1. Suppose -4*v = -q + 8, 4*v - 10 = -5*q + 6. Let r = v - -6. What are the prime factors of k(r)?
7, 13
Let x(o) = o**3 - 37*o**2 + 40*o - 248. What are the prime factors of x(40)?
2, 769
What are the prime factors of 1*(-388 + 15)*(-117 - -1)?
2, 29, 373
Let f(c) = 11 - c - 7 - 26. Let x be f(-25). Suppose -3*u + m = -43 - 85, 0 = -x*u - 5*m + 152. List the prime factors of u.
2, 11
Let g = -28291 - -40861. List the prime factors of g.
2, 3, 5, 419
Let y be 4/(-14) + 37/((-1554)/(-180)). Let x(u) = 31*u**2 + 4*u - 18. List the prime factors of x(y).
2, 13, 19
Let f = 9333 - 166. List the prime factors of f.
89, 103
Let u = -49592 + 74145. List the prime factors of u.
43, 571
Let i = 44 + -39. Suppose -40 = -4*j + 2*u - 116, -i*j + 2*u - 93 = 0. What are the prime factors of (-26)/(-10)*(-85)/j?
13
Let d = 23 + 1405. List the prime factors of d.
2, 3, 7, 17
Suppose 3*j = -4*j - 315. Let m = j - -47. Suppose -159 = -m*d - g, -2*g = -5*d + g + 425. List the prime factors of d.
2, 41
Let u(t) = -t**3 + 9*t**2 - 9*t + 7. Let c be u(8). Let o be -5 + 6 + 1 + c. List the prime factors of 0 - o - (-68 - 9).
2, 19
Suppose -597*h - 9571516 + 16019241 + 10524388 = 0. List the prime factors of h.
28429
Suppose -594*y + 29543058 = 2719800. What are the prime factors of y?
7, 6451
Let o be 0/(60/5) + 10. Let w(y) = -295*y + 475. Let l(z) = 21*z - 34. Let t(h) = 85*l(h) + 6*w(h). List the prime factors of t(o).
2, 5, 11
What are the prime factors of 37234 + (((-124)/434)/((-2)/14) - -4)?
2, 5, 7, 19
List the prime factors of (-689)/(((45/102)/15)/(2/(-4))).
13, 17, 53
Let n(a) = -34*a**3 + 4*a - 7. Let d be n(2). Let z = d - -423. What are the prime factors of (z/28)/(4/56)?
2, 19
Suppose 0 = -9*r + 2*r + 301. Let z = r - 77. Let a = z + 86. What are the prime factors of a?
2, 13
Let k = 120 - 201. Suppose -2*b - 39 + 289 = -2*w, -4*w + 280 = 2*b. Let n = b + k. What are the prime factors of n?
7
Suppose x + 4*w = 6*w + 1299, 5*x + w - 6451 = 0. Let n = x - 905. List the prime factors of n.
2, 193
List the prime factors of (10 - -1) + (28546 - -94) - -6.
28657
Suppose 23*c = 18*c + 2735. Let a = -61 + c. List the prime factors of a.
2, 3
Suppose 7*i + 4*i + 11 = 0. Let v be i/6 + 532/24. Let f = 90 - v. What are the prime factors of f?
2, 17
Let a(p) = p**2 - 5*p - 6. Let k be a(-2). What are the prime factors of (-2)/k + (-930)/(-40)?
23
Suppose -14*m + 141354 = -75408. List the prime factors of (-4)/((-13)/(m/12)).
397
Let b = -611 + 611. Suppose b = -3*o + h + 3615, -9*o + 4*h - 2410 = -11*o. What are the prime factors of o?
5, 241
Suppose -71*z + 55 = -60*z. Suppose -7365 = -5*r + 3*m, 8*m = 2*r + z*m - 2937. List the prime factors of r.
2, 3, 41
What are the prime factors of (-1)/18 - 27621167/(-738)?
13, 2879
Let l(r) = 28 + 6*r - 250*r**3 - 10*r**2 - 3*r + 252*r**3 + 14*r. What are the prime factors of l(9)?
829
Suppose -3*u = 39 + 213. Let j be -78*(-7)/(u/32). List the prime factors of (2 - 3)/((10/j)/5).
2, 13
Let a = -181 + 184. Suppose 10 = 2*n, -a*q - 3*n = 2*q - 2430. What are the prime factors of q?
3, 7, 23
Suppose -24 + 51 = 3*k. Suppose -622 - 1304 = -k*z. List the prime factors of z.
2, 107
Let r(t) = 2*t + 24. Let o be r(-9). Suppose 10 = 8*n - o*n. Suppose 3*b - 3*q + 120 = 6*b, -q = -n*b + 194. What are the prime factors of b?
3, 13
Suppose -15*m = -43*m + 24*m + 43868. List the prime factors of m.
11, 997
Let s(h) = h**3 - 24*h**2 - 53*h + 36. Let f be s(26). Suppose 0 = -2*z + f, 11*o + 2*z = 7*o + 3322. What are the prime factors of o?
2, 3, 23
Let b(j) = j**3 + j**2 + 2*j + 19. Suppose 4*w + 12 = 3*w - 3*u, u + 4 = 0. Let l be b(w). Suppose 21*i = l*i + 160. List the prime factors of i.
2, 5
Let d(n) = n**2 - 5*n + 2. Let b be d(6). Let v(u) = -7*u - 7. Let z be v(-1). Suppose -b*q + 7*q + 79 = z. What are the prime factors of q?
79
List the prime factors of 143363*(-18)/132*4/(-1 + -1).
3, 13033
Suppose -5*v - 20*a + 148550 = -35*a + 17*a, 0 = -a. What